
1
What is the tens digit of 129552?
5
What is the hundreds digit of 2359?
3
What is the thousands digit of 3543?
3
What is the units digit of 2502?
2
What is the tens digit of 182780?
8
What is the thousands digit of 16038?
6
What is the hundreds digit of 45529?
5
What is the tens digit of 289?
8
What is the hundreds digit of 1088?
0
What is the tens digit of 3982?
8
What is the units digit of 6885?
5
What is the thousands digit of 43974?
3
What is the thousands digit of 30827?
0
What is the tens digit of 49194?
9
What is the tens digit of 803?
0
What is the hundreds digit of 6546?
5
What is the units digit of 163?
3
What is the units digit of 48878?
8
What is the tens digit of 22408?
0
What is the hundreds digit of 8701?
7
What is the hundreds digit of 2428?
4
What is the tens digit of 81790?
9
What is the ten thousands digit of 118592?
1
What is the thousands digit of 6498?
6
What is the thousands digit of 4781?
4
What is the thousands digit of 1084?
1
What is the units digit of 272?
2
What is the hundreds digit of 331?
3
What is the units digit of 190793?
3
What is the units digit of 32267?
7
What is the units digit of 9353?
3
What is the tens digit of 2744?
4
What is the units digit of 31693?
3
What is the tens digit of 2671?
7
What is the ten thousands digit of 60839?
6
What is the hundreds digit of 28004?
0
What is the hundreds digit of 40654?
6
What is the tens digit of 938?
3
What is the ten thousands digit of 15392?
1
What is the tens digit of 14151?
5
What is the tens digit of 3069?
6
What is the ten thousands digit of 26977?
2
What is the hundreds digit of 99938?
9
What is the ten thousands digit of 46116?
4
What is the hundreds digit of 1242?
2
What is the units digit of 28564?
4
What is the units digit of 1067?
7
What is the units digit of 4264?
4
What is the ten thousands digit of 39624?
3
What is the thousands digit of 16263?
6
What is the hundreds digit of 1776?
7
What is the tens digit of 434?
3
What is the units digit of 1219?
9
What is the hundreds digit of 8546?
5
What is the hundreds digit of 3096?
0
What is the units digit of 664?
4
What is the thousands digit of 3064?
3
What is the ten thousands digit of 47663?
4
What is the thousands digit of 2752?
2
What is the ten thousands digit of 68649?
6
What is the hundreds digit of 4263?
2
What is the units digit of 998?
8
What is the units digit of 14068?
8
What is the thousands digit of 1072?
1
What is the units digit of 7730?
0
What is the tens digit of 35645?
4
What is the ten thousands digit of 16850?
1
What is the tens digit of 856?
5
What is the tens digit of 3061?
6
What is the tens digit of 1302?
0
What is the hundreds digit of 297?
2
What is the units digit of 2798?
8
What is the units digit of 2704?
4
What is the tens digit of 3910?
1
What is the units digit of 3389?
9
What is the tens digit of 3880?
8
What is the units digit of 80871?
1
What is the tens digit of 21366?
6
What is the units digit of 14453?
3
What is the thousands digit of 1223?
1
What is the thousands digit of 3872?
3
What is the thousands digit of 28870?
8
What is the tens digit of 1735?
3
What is the hundreds digit of 2789?
7
What is the tens digit of 42987?
8
What is the thousands digit of 1040?
1
What is the thousands digit of 1493?
1
What is the hundred thousands digit of 133357?
1
What is the hundreds digit of 10451?
4
What is the tens digit of 4655?
5
What is the thousands digit of 4366?
4
What is the hundreds digit of 958?
9
What is the hundreds digit of 60472?
4
What is the units digit of 1294?
4
What is the ten thousands digit of 32368?
3
What is the units digit of 61336?
6
What is the hundreds digit of 155864?
8
What is the thousands digit of 16674?
6
What is the hundreds digit of 950?
9
What is the hundreds digit of 572?
5
What is the hundreds digit of 5569?
5
What is the thousands digit of 1583?
1
What is the units digit of 478?
8
What is the tens digit of 133422?
2
What is the tens digit of 11983?
8
What is the units digit of 3270?
0
What is the thousands digit of 71280?
1
What is the units digit of 2244?
4
What is the units digit of 3518?
8
What is the hundreds digit of 557?
5
What is the units digit of 923?
3
What is the hundreds digit of 64826?
8
What is the units digit of 7439?
9
What is the units digit of 57?
7
What is the thousands digit of 2716?
2
What is the ten thousands digit of 130176?
3
What is the hundreds digit of 2391?
3
What is the units digit of 16463?
3
What is the thousands digit of 8940?
8
What is the ten thousands digit of 16374?
1
What is the thousands digit of 7595?
7
What is the units digit of 43522?
2
What is the thousands digit of 1438?
1
What is the hundreds digit of 3963?
9
What is the units digit of 22540?
0
What is the tens digit of 630?
3
What is the tens digit of 2002?
0
What is the hundreds digit of 22285?
2
What is the tens digit of 2137?
3
What is the thousands digit of 166189?
6
What is the ten thousands digit of 10941?
1
What is the hundreds digit of 426?
4
What is the hundreds digit of 39272?
2
What is the tens digit of 7444?
4
What is the ten thousands digit of 27548?
2
What is the hundreds digit of 761?
7
What is the ten thousands digit of 51585?
5
What is the tens digit of 1027?
2
What is the tens digit of 95?
9
What is the thousands digit of 34053?
4
What is the ten thousands digit of 27043?
2
What is the hundreds digit of 6074?
0
What is the thousands digit of 8931?
8
What is the tens digit of 73317?
1
What is the units digit of 1071?
1
What is the tens digit of 9444?
4
What is the thousands digit of 142481?
2
What is the units digit of 596?
6
What is the units digit of 9018?
8
What is the ten thousands digit of 68098?
6
What is the tens digit of 974?
7
What is the thousands digit of 1619?
1
What is the tens digit of 22084?
8
What is the tens digit of 20379?
7
What is the units digit of 35085?
5
What is the thousands digit of 4129?
4
What is the tens digit of 1179?
7
What is the ten thousands digit of 96751?
9
What is the hundreds digit of 1129?
1
What is the units digit of 158531?
1
What is the units digit of 8929?
9
What is the hundreds digit of 2171?
1
What is the tens digit of 8822?
2
What is the thousands digit of 2430?
2
What is the thousands digit of 8703?
8
What is the thousands digit of 6675?
6
What is the thousands digit of 3977?
3
What is the ten thousands digit of 45530?
4
What is the hundreds digit of 8842?
8
What is the units digit of 46471?
1
What is the tens digit of 455?
5
What is the hundred thousands digit of 100085?
1
What is the thousands digit of 7636?
7
What is the units digit of 3579?
9
What is the thousands digit of 2501?
2
What is the thousands digit of 7241?
7
What is the hundreds digit of 6895?
8
What is the units digit of 47760?
0
What is the thousands digit of 8855?
8
What is the units digit of 661?
1
What is the units digit of 71?
1
What is the tens digit of 2956?
5
What is the tens digit of 183965?
6
What is the tens digit of 18?
1
What is the units digit of 965?
5
What is the thousands digit of 43633?
3
What is the hundreds digit of 18146?
1
What is the tens digit of 8562?
6
What is the units digit of 37983?
3
What is the tens digit of 507?
0
What is the ten thousands digit of 89130?
8
What is the thousands digit of 1876?
1
What is the thousands digit of 1045?
1
What is the hundreds digit of 6047?
0
What is the hundreds digit of 29213?
2
What is the thousands digit of 1066?
1
What is the units digit of 108?
8
What is the hundreds digit of 3280?
2
What is the hundreds digit of 830?
8
What is the tens digit of 737?
3
What is the units digit of 669?
9
What is the ten thousands digit of 52210?
5
What is the tens digit of 9216?
1
What is the units digit of 3122?
2
What is the thousands digit of 3406?
3
What is the tens digit of 6536?
3
What is the units digit of 7701?
1
What is the tens digit of 26260?
6
What is the thousands digit of 27403?
7
What is the ten thousands digit of 56728?
5
What is the tens digit of 1783?
8
What is the thousands digit of 15186?
5
What is the tens digit of 20235?
3
What is the hundreds digit of 15289?
2
What is the hundreds digit of 16802?
8
What is the hundreds digit of 925?
9
What is the tens digit of 12125?
2
What is the units digit of 2541?
1
What is the units digit of 27946?
6
Wh